98 = -5*v + u. What is the highest common divisor of 22 and v?
11
Let u(s) = -s**3 + 3*s**2 + 20*s - 9. Let m be u(7). Let x = m + 85. What is the greatest common factor of x and 70?
10
Let k = 321 + -166. Let v(g) = -g**3 - 36*g**2 - 3*g - 46. Let a be v(-36). What is the highest common divisor of k and a?
31
Let y be (53 - 9 - 9) + 1*-2. What is the greatest common factor of 12 and y?
3
Let g be 3/(5/((-10)/3)). Let i = g - 1. Let f = 17 - i. What is the highest common divisor of 4 and f?
4
Suppose -2*p + 3 = -p - f, 3*p - 2*f - 10 = 0. Calculate the highest common factor of p and 8.
4
Suppose -l + 10 + 12 = -5*v, v = -5*l + 162. Suppose 3*c - 320 = -c. Calculate the highest common divisor of l and c.
16
Suppose 0 = u + 5*x - 41, -4*u + 5*x + 71 = -3*u. What is the highest common divisor of 98 and u?
14
Suppose 1216 = 25*f - 6*f. Calculate the greatest common factor of 40 and f.
8
Suppose -q = -3*q. Suppose q = -3*a + y + 43 + 19, 0 = y + 5. What is the greatest common divisor of 19 and a?
19
Let h = 431 + -416. What is the greatest common factor of h and 285?
15
Let p(f) = -2*f + 25. Let a be p(11). Suppose h = a*h - 18. Let n be ((-3)/7)/((-3)/21). What is the greatest common factor of n and h?
3
Let i(w) = w**2 + 4 - 1 - 5*w + 2*w. Suppose 0 = 5*y - 4*a - 26, a - 19 = -y - 2*y. Let s be i(y). What is the greatest common factor of 21 and s?
21
Suppose 0 = -5*g - 2*a + 77, 2*g + 5*a - 14 = -0*g. Suppose -g*z = -13*z - 12. What is the greatest common divisor of z and 3?
3
Let k(y) = 3*y**2 + 5*y + 12. Let u be k(6). Let n be 15/10*u/9. What is the greatest common divisor of 200 and n?
25
Let w be 1/2 - 164/(-8). Suppose -24*t + 120 = -w*t. Calculate the highest common divisor of t and 8.
8
Suppose 3*b = 3*i - 7 - 2, -12 = -b - 2*i. Let c be b/1*(-2 - -1). Let w be c*3*32/(-6). Calculate the highest common divisor of 48 and w.
16
Let q(a) = 2*a**2 + 22*a + 4. Let h be q(-11). Suppose 3*v - v = 0. Suppose 2*t - 8 = v, -h*t + 101 = m + 8. What is the highest common divisor of m and 11?
11
Suppose z = -5*h + 20, 3*h + 16 = z + 4*z. Suppose d - 11 - 2 = -2*r, h*r = -d + 17. What is the highest common factor of 40 and d?
5
Let y = 221 - 108. Suppose 3*s + y = -106. Let p = s - -460. Calculate the greatest common factor of p and 43.
43
Let j = -634 - -661. What is the greatest common factor of j and 21?
3
Let w = 7 + -9. Let r be (w/6)/((-5)/(-50))*-3. Calculate the greatest common factor of 130 and r.
10
Suppose -8*b + 123 = -13. Calculate the greatest common divisor of 17 and b.
17
Let l be (-4)/10 + (-52)/20. Let v be -1 + l/(9/(-69)). Let z(w) = -w**3 - 8*w**2 - 23*w - 57. Let q be z(-7). What is the highest common factor of v and q?
11
Let l(n) = 2*n + 18. Let k be l(-10). Let q be (-2)/1 - -36 - k. What is the greatest common divisor of q and 18?
18
Let s be 1*(18 - 0) + -2. Let c = -1 - -6. Suppose -c*d = 4*f - 103, -6*f + 2*f + 2*d = -138. What is the greatest common factor of s and f?
16
Suppose -4*v - 39 - 21 = 0. Let y = -13 - v. Let t be (-6 - 0)*y/(-4). What is the greatest common factor of t and 12?
3
Suppose -3*i + 8*i - y = 465, -4*i + 2*y = -366. What is the highest common divisor of 799 and i?
47
Let v(d) = 4*d**2 + 10*d - 344. Let u be v(12). Calculate the greatest common divisor of u and 32.
32
Suppose 5*j - 164 - 6 = 0. Let p(z) = 230*z + 8. Let l be p(1). What is the highest common factor of j and l?
34
Let z = -8 + 29. Suppose 0 = 13*c - 16*c + z. Let l be ((-42)/(-8))/c*60. Calculate the highest common divisor of l and 18.
9
Let q = -515 - -525. Calculate the highest common factor of q and 400.
10
Let j(h) = -h**3 + h**2 + h + 72. Let n be j(0). Let p = 22 + -1. Let q = n - p. Calculate the greatest common divisor of 17 and q.
17
Let p = 227 + -189. Calculate the highest common divisor of p and 209.
19
Suppose -54*r = -49*r - 205. Calculate the greatest common factor of 123 and r.
41
Suppose -53 = -5*o + 27. Suppose 3*v - 8*v = -135. Suppose 75 - v = 3*w. Calculate the greatest common factor of o and w.
16
Suppose -15*n = -14*n - 331. Let i = -171 + n. Suppose -3*k = 15 - 75. What is the greatest common factor of k and i?
20
Let u = -4 - -2. Let i(b) = b**2. Let x be i(u). Suppose -x*a + 3 + 45 = 0. Calculate the greatest common factor of a and 36.
12
Suppose 22*s - 3910 = 5*s. Calculate the greatest common divisor of s and 50.
10
Let g be (-27)/(-12)*(-64)/(-2). Suppose -3*c + g = -2*c. Suppose -3*y = -21*y + 144. What is the highest common factor of y and c?
8
Let k be 300/12*(-1)/(-5). Let m be 27/k + 39/65. What is the highest common divisor of 6 and m?
6
Let m be (9/6)/((-1)/20). Let q be m + (2 - (1 + -2)). Let a = q - -41. What is the greatest common factor of 42 and a?
14
Let r(s) = s**3 + 12*s**2 + 2*s + 15. Let f be r(-12). Let k(c) = -2*c - 7. Let p be k(f). What is the highest common factor of p and 99?
11
Let x = 4360 + -3048. Calculate the greatest common factor of x and 41.
41
Suppose 2*c = d + 54, 10*c - 5*c - d = 135. Let q be 186 + (2 - ((-24)/4)/6). Calculate the highest common factor of c and q.
27
Let d(s) = -s**3 + 7*s**2 + 47*s - 7. Let g be d(11). Calculate the greatest common divisor of g and 234.
26
Let m be 1/(6/4 + -1). Suppose 0 = m*i + i + 36. Let h = 33 - i. Calculate the highest common divisor of 30 and h.
15
Suppose -3*z + 17 = 5*s, 0 = 4*s + z - 19 + 4. Let o be ((-230)/s)/(17/(-34)). What is the highest common factor of 23 and o?
23
Suppose 0 = -4*q - 0*q + 12. Let b be (-96)/(-5) - (80/25 - q). What is the greatest common divisor of 38 and b?
19
Let c = 5 - -9. Let w be (2 - -31) + c + -10. Let v = w + -22. What is the highest common factor of 5 and v?
5
Suppose 4*f + 0*g = 5*g - 156, 4*g = 3*f + 118. Let i = f + 42. Suppose 3*j - 32 = -8. What is the greatest common factor of i and j?
8
Let x(h) = h - 9. Let b be x(14). Suppose 0 = -o - b + 7. What is the highest common factor of 22 and o?
2
Let r(d) = d**3 - 2*d**2 - 8*d + 4. Let o be r(4). Calculate the highest common factor of 12 and o.
4
Let h be 204*((-6)/9 - 1). Let a = 1232 + -708. Let b = h + a. What is the greatest common divisor of 23 and b?
23
Suppose -5*v = k + 113, 0 = -0*v - 2*v - k - 47. Let w = v + 32. What is the highest common factor of 2 and w?
2
Suppose -5*b + 0 = -30. Suppose 27*k - 24*k - 96 = 0. Let p be (34 - k) + (0 - -40). Calculate the greatest common divisor of b and p.
6
Suppose 0 = 287*u - 289*u + 648. Calculate the greatest common factor of 12 and u.
12
Suppose 0 = -4*a + 2*c + 2982, -2*a + 58*c = 55*c - 1497. What is the greatest common divisor of 93 and a?
93
Let s be (28/35)/((-1)/(-30)). Let i = s - 20. What is the highest common divisor of 28 and i?
4
Suppose 0 = -2*u - 2*s + 604 - 22, 5*s = u - 297. What is the greatest common factor of u and 511?
73
Suppose 5*d + 60 - 135 = -5*s, -3*d = -2*s + 5. Calculate the greatest common divisor of s and 415.
5
Let r(u) = u**2 - 12. Let k be (-2)/((14/(-140))/(2/8)). Let w be r(k). What is the greatest common divisor of w and 117?
13
Suppose -3*j - b = j - 287, 343 = 5*j - 4*b. Suppose -4*d + 5*d = j. Let w = d - 50. What is the greatest common factor of w and 3?
3
Suppose -3*t + 191 = 5*c, 2*t + 35 - 189 = -4*c. Let y be (30/(-40))/((-2)/c). What is the greatest common divisor of 3 and y?
3
Suppose 54*o = 43*o + 110. Let v be 162/4 - 2/4. Calculate the greatest common factor of o and v.
10
Let b = 15 + -23. Let y be (b/(-6) - 0)*(2 + 1). Calculate the highest common divisor of y and 28.
4
Suppose 41 = 4*v - r - 7, 0 = 3*v - 5*r - 19. What is the greatest common divisor of 2 and v?
1
Suppose 27*d - 899 = 1045. What is the highest common factor of d and 44?
4
Let z(h) = h**2 + 11*h + 6. Let k(m) = -12*m**3 + 2*m**2 + m - 2. Let i be k(1). Let s be z(i). Calculate the highest common factor of 6 and s.
6
Let n = 382 - 312. What is the highest common divisor of n and 385?
35
Suppose 0 = -4*s - 3*a + 599 - 24, -25 = -5*a. Calculate the greatest common factor of 35 and s.
35
Suppose -2*b = 3*b - 10. Suppose -32 = -b*p + 2. Calculate the highest common factor of p and 187.
17
Suppose 251 = 3*r + 20. Suppose -4*j = 2*w + j + 31, 5*j + 16 = 3*w. Let n = r - w. Calculate the highest common factor of 8 and n.
8
Suppose 3*h + 292 = 4*u, -2*u + 172 = 6*h - h. Let s = u +